(i). Determine o(3).
-46
Let h(p) = 7*p - 9. Suppose -3*m = 4*g + 10, 107*g - 109*g - 4 = 2*m. Calculate h(m).
5
Let o(w) be the first derivative of -w**7/840 - w**6/120 - w**5/30 - w**4/6 + w**3 + 5*w**2/2 + 12. Let q(p) be the third derivative of o(p). Give q(-3).
8
Let w = 8 - 2. Let q be 34/14 - 12/(-28)*-1. Let r(p) = 18*p - 2*p**2 + 4*p**3 - 6*p**3 - 3 - 5*p**q + 3*p**3 - 12*p. What is r(w)?
-3
Let t(a) = -a**2 + 3*a + 3. Let n = -46 + 68. Suppose -2*g - 31 = 7. Let z = g + n. Give t(z).
3
Let t(w) be the first derivative of w**4/4 - 7*w**3/3 + 13*w**2/2 + 3*w + 2570. Calculate t(7).
94
Let h be (-42)/(-126) - 1673/(-3). Let x(n) = -h*n - 565*n - 4 + 1118*n. What is x(5)?
-29
Let s(o) = -o + 10. Suppose 0 = 5*r + 10, -9*l = -10*l + 4*r + 20. Suppose -3*u - l = -27. Calculate s(u).
5
Let d(a) be the first derivative of 1/2*a**2 + 8/3*a**3 + 282 - a. Let c(k) = k**3 - k**2 - k + 1. Let m be c(0). Calculate d(m).
8
Let w(u) = 6*u**2 - u + 1. Let x be (1476/27)/((-4)/(-6)). Suppose -s + x = -0*s - p, -5*s + 414 = -4*p. Let b = 84 - s. Determine w(b).
27
Suppose 2*g = -13*h + 10*h + 16, 0 = 2*h - g - 6. Let u(w) = 1003*w - 2*w**2 + w**2 - 505*w + h - 489*w. Determine u(10).
-6
Suppose -y - 6 = -3*y. Let v(q) be the second derivative of -q**4/12 + q**3/6 - 9*q**2/2 + 14*q. Let p(j) be the first derivative of v(j). Calculate p(y).
-5
Let l(c) = -8*c**2 - c + 4. Let x(v) = -v**3 - 5*v**2 + v + 1. Let o(z) = -l(z) + x(z). Let m = -1 + 5. Calculate o(m).
-11
Let u(x) be the first derivative of x**3 - x**2/2 + 6*x + 8. Let h(t) = 4*t**2 - 2*t + 7. Let q(k) = -2*h(k) + 3*u(k). Suppose l = 6*l. What is q(l)?
4
Let k(y) be the first derivative of -y**2 + 20*y - 1. Let i be k(5). Let d(q) = 0*q + i*q**2 - 9*q**2 + 6 + 6*q. What is d(-4)?
-2
Let y(w) = -4*w + 164. Suppose 4217 + 2920 = 183*d. Give y(d).
8
Suppose -b + 4*x + 46 = b, -5*x = 15. Let o(r) = 29 + b*r**3 - 28 - 18*r**3 + 2*r + 3*r**2. Determine o(3).
7
Let d(y) = -2*y**3 - 22*y**2 - 88*y - 6. Let u(h) = h**3 + 11*h**2 + 47*h + 2. Let z(q) = 6*d(q) + 11*u(q). Let l(g) = 10*g. Let p be l(-1). Calculate z(p).
-4
Let z(d) = 26*d**3 - 261*d + 4 + 522*d + 13*d**2 - 25*d**3 - 274*d. Give z(-14).
-10
Let x(w) = 23*w - 17. Suppose 5*d - 16 = -3*k, -3*d - 13 = -8*d - 4*k. What is x(d)?
98
Let g(r) = -2*r**2 + 2*r + 1. Let l be g(-1). Suppose 2*f - 4 = -f + m, -f = -4*m + 6. Let h(n) = -7*n - 4 + n**f + 21*n - 12*n. Give h(l).
-1
Let q(b) = -29*b + 140. Let s(p) = -p**2 + 56*p - 583. Let d be s(42). Give q(d).
-5
Let f(u) be the second derivative of -109*u + 1/6*u**4 - u**2 + 1/6*u**3 + 0. What is f(-2)?
4
Let v(f) = -15*f**2 + 56*f + 22. Let w be v(4). Let h be 2/(3*(-3)/(-9)). Let z(r) = r**2 + 3*r**2 + 2 - 5*r**h + 5 + r. Give z(w).
-23
Let a(z) = -67*z - 2148. Let l be a(-32). Let i(b) = b**3 + b**2 - 14*b - 7. Calculate i(l).
1
Let i(f) = -14*f**2 + 3*f - 14. Let r(g) = 25*g**2 - 5*g + 27. Let u(h) = -11*i(h) - 6*r(h). Determine u(-5).
107
Suppose -j + 35 = -5*j + 5*y, -2*y = j - 1. Let l(c) be the second derivative of 8*c - 1/6*c**3 - 3*c**2 + 0. What is l(j)?
-1
Let d be 23076/63 - (1 - (-15)/(-21)). Let j = -373 + d. Let g(x) = -x**2 - 9*x - 10. Determine g(j).
4
Suppose -4*w - 2*q + 48 = 0, -3*w + 7 = -4*q - 40. Let g(c) = c**3 - 12*c**2 - 18*c - 11. Give g(w).
-76
Let x(i) = -i**3 - 5*i**2 + 13*i - 10. Suppose -371 = -20*h + 27*h + 46*h. What is x(h)?
-3
Let x = 53 + -57. Let m be x + 28 - 2/1. Suppose 2*b + 4 = 6*b + 3*z, 5*b - 3*z = -m. Let r(o) = -3*o - 3. Give r(b).
3
Let h(r) = 3*r**3 - 6*r**2 - 25*r - 11. Let c(i) = 5*i**3 - 12*i**2 - 46*i - 20. Let v(l) = -4*c(l) + 7*h(l). Determine v(-5).
-17
Let b(m) = -4*m**2 + 7*m + 7. Let t(i) = -12*i**2 + 20*i + 20. Let u(g) = -g**2 - 29*g - 62. Let o be u(-27). Let z(n) = o*b(n) + 3*t(n). What is z(-3)?
-44
Let k(z) be the second derivative of -z**7/2520 - z**6/80 - 7*z**5/120 + z**4/12 - 7*z**3/6 + z. Let q(y) be the third derivative of k(y). Give q(-6).
11
Let q(b) = 16*b**3 - b - 1. Let w be q(-1). Let n(k) = 286*k + 3729. Let i be n(-13). Let c = i + w. Let j(d) = -d**2 - 3*d + 6. What is j(c)?
-4
Let i(d) = 5*d**3 - 15*d**2 - 8*d - 2. Let j(c) = -c**3 - 20*c**2 + 10*c**2 + 11*c**2. Let b(v) = -i(v) - 6*j(v). Determine b(-8).
2
Let h(w) = 3*w**2 + 9*w + 9. Let r(o) = o**3 + 4*o**2 + 7*o + 7. Let d be r(-3). What is h(d)?
39
Let r(t) be the first derivative of -9*t**2 + 27 - 4*t + 1/3*t**3. Let a be r(18). Let b(p) = p**3 + 4*p**2 + 2*p + 6. Give b(a).
-2
Let o(i) = i**3 + 26*i**2 + 17. Suppose 0 = -4*p - 5*d - 99, -29*p + 30*p + 25 = -d. What is o(p)?
17
Let v(o) be the first derivative of 5*o**2/2 + 143*o + 1125. What is v(-27)?
8
Let z(l) = 6*l - 4*l + 1945723 - 1945728. What is z(4)?
3
Let x = 551 + -419. Let g(a) = 2*a + a + 7 - 130*a**2 + x*a**2 - 9. Determine g(-2).
0
Let a(x) be the second derivative of -x**4/3 + 119*x**3/6 - 2*x**2 + 107*x. What is a(30)?
-34
Let p be 7 + -10 + 5 + 0/3. Let a(h) = -p*h - 127 - h + h + h + 128. Give a(-2).
3
Let h(w) = -2*w + 7. Let n(j) = -j + 4. Let p(a) = 3*h(a) - 5*n(a). Let s = -303 - -305. Let z(b) = 4*b - 4. Let u(m) = s*z(m) + 11*p(m). Determine u(4).
-9
Let c = -8211 - -8203. Let h(g) = 20*g + 165. Determine h(c).
5
Let q(c) = c**2 - 6*c + 7. Let o = -23 + 30. Let b be -4 + o - 3/(-3). Suppose -23 = -b*k + 1. Calculate q(k).
7
Suppose 2*x = q - 8, -6*x + 2*q = -3*x + 14. Let n = -1 - x. Let h(j) = -60*j + 3850. Let z(a) = 5*a - 308. Let u(t) = -2*h(t) - 25*z(t). Determine u(n).
-5
Let z be (10 + -13)*2/(-9 + 3). Let j(a) = 21*a + 7. Calculate j(z).
28
Let s(h) = 4*h**3 - 6*h - 2*h**3 + 0*h**3 - 12*h**2 + 1 + 8*h**3. Let i(c) = 7*c**3 - 8*c**2 - 4*c. Let f(p) = -7*i(p) + 5*s(p). Give f(4).
-3
Let n(s) = -s**2 + 23. Suppose -641*t + 534*t = 0. Calculate n(t).
23
Suppose 6*k - 41 = 31. Let h(d) = -34*d + 17*d + 2 + 18*d + k. Determine h(-10).
4
Suppose 2*a = -y - y + 28, 26 = y + 4*a. Let m(b) = 5*b - 14. Let i(f) = -12*f + 29. Let t(r) = 2*i(r) + 5*m(r). What is t(y)?
-2
Let t(k) = 29*k + 17 + 3*k**2 + 29*k - 4*k**2 - 83*k + 31*k. Give t(-4).
-23
Let o(n) = -n**2 + n + 1. Let s = -11 - -8. Let j be o(s). Let y = j + 8. Let x(f) = -f - 4. Give x(y).
-1
Let c(y) be the second derivative of -7*y**3/2 - 2*y**2 + 2*y + 478. Calculate c(-4).
80
Let r = 55863 - 55860. Let l(c) = -19*c**2 + 17*c + 2. Let y(p) = 9*p**2 - 8*p - 1. Let s(x) = -6*l(x) - 13*y(x). Give s(r).
-20
Let m(x) = -3*x**2 - 3*x + 1. Let h(k) = 6*k**2 + 3*k - 4. Let n(y) = 2*h(y) + 3*m(y). Determine n(6).
85
Let r(w) = -3*w + 4. Let k = 4 - 2. Let h be k*(6/(-12) + (-2 - 0)). Give r(h).
19
Let g be (-38)/14 + 8/(-28). Let y(u) = 0*u + 3 - 11*u**2 + 7*u**2 + 7*u**2 - u. Let l(p) = 6*p**2 - 3*p + 7. Let s(c) = 4*l(c) - 9*y(c). Determine s(g).
-17
Let l(k) be the first derivative of k**4/4 + 8*k**3/3 - 5*k**2/2 + 6*k + 744. Determine l(-9).
-30
Let y(q) = 155*q - 156*q - 1945*q**2 + 1954*q**2 - q**3 - 9. Give y(0).
-9
Suppose -45 + 17 = -14*i. Let s(l) = -l**i + 2 - 4 - 2*l**2 - 6 + 2*l**2 - 8*l. Give s(-8).
-8
Suppose 9 = -4*a + 49. Let r(j) = -55*j - 35. Let w(l) = 248*l + 147. Let d(f) = 9*r(f) + 2*w(f). What is d(a)?
-11
Let v = -3 + 4. Let g(z) = 0*z - 2*z + v - z**2 + 3*z. Let c be (5 - 1) + 2/(-3)*3/2. Determine g(c).
-5
Let c(t) = 10*t + 39. Let r(j) = -444*j + 5324. Let n be r(12). What is c(n)?
-1
Suppose 2*r = z - 8, 6*z - z = 3*r + 5. Let s be ((-8)/z)/((-3 - -17)/7). Suppose -p = s*p. Let d(b) = b**3 + b**2 - b - 11. Determine d(p).
-11
Let z = -22 + 30. Let y(b) = b**3 - 6*b**2 - 14*b - 23. Calculate y(z).
-7
Let t(m) = 10*m + 7. Let k(p) = -8*p - 9. Let b(o) = -3*k(o) - 2*t(o). Calculate b(-16).
-51
Let z(i) = -i**2 - i + 42. Let v(h) = -67*h + 1263. Let q be v(19). Give z(q).
-48
Let u = -4 - -12. Suppose 0 = 4*b - u. Let t(l) = -27*l + 2 + 30*l + 4 - 3*l**2 + 4*l**b. Determine t(-5).
16
Let g(q) = -2*q + 16. Let i(w) = w - 8. Let x(c) = 6*g(c) + 13*i(c). Let k be x(8). Let t(z) = -z**2 - z - 34. What is t(k)?
-34
Suppose -3*p + 2 = 4*j - 11, p + 3*j = 11. Let t(i) be the second derivative of -4*i**3/3 - i**2/2 + 34*i + 32. Calculate t(p).
7
Suppose 576 = 26*r + 6*r. Suppose r*a = 21*a - 9. Let o(s) = -3*s**2 - 2. Let b(h) = -16*h**2 - h - 11. Let i(v) = -2*b(v) + 11*o(v). Calculate i(a).
-3
Let k(v) = -v**2 - 16*v -